{"id":183,"date":"2018-12-23T13:56:14","date_gmt":"2018-12-23T12:56:14","guid":{"rendered":"http:\/\/nikitawedsnikil.in\/?page_id=183"},"modified":"2019-05-07T17:25:43","modified_gmt":"2019-05-07T15:25:43","slug":"detecteur-de-mouvement","status":"publish","type":"page","link":"https:\/\/espacealarme.fr\/?page_id=183","title":{"rendered":"D\u00e9tecteurs de mouvement"},"content":{"rendered":"<p>Les technologies utilis\u00e9es par Espace Alarme incluent d\u00e9tecteurs de mouvement, d\u00e9tecteurs de mouvement avec capteur photo, d\u00e9tecteurs d&#8217;ouverture de portes et fen\u00eatres et barri\u00e8res infrarouges.<\/p>\n","protected":false},"excerpt":{"rendered":"<p>Les technologies utilis\u00e9es par Espace Alarme incluent d\u00e9tecteurs de mouvement, d\u00e9tecteurs de mouvement avec capteur photo, d\u00e9tecteurs d&#8217;ouverture de portes et fen\u00eatres et barri\u00e8res infrarouges.<\/p>\n","protected":false},"author":1,"featured_media":0,"parent":0,"menu_order":0,"comment_status":"closed","ping_status":"closed","template":"","meta":{"spay_email":""},"jetpack_sharing_enabled":true,"jetpack_shortlink":"https:\/\/wp.me\/Pa7eC4-2X","jetpack-related-posts":[],"_links":{"self":[{"href":"https:\/\/espacealarme.fr\/index.php?rest_route=\/wp\/v2\/pages\/183"}],"collection":[{"href":"https:\/\/espacealarme.fr\/index.php?rest_route=\/wp\/v2\/pages"}],"about":[{"href":"https:\/\/espacealarme.fr\/index.php?rest_route=\/wp\/v2\/types\/page"}],"author":[{"embeddable":true,"href":"https:\/\/espacealarme.fr\/index.php?rest_route=\/wp\/v2\/users\/1"}],"replies":[{"embeddable":true,"href":"https:\/\/espacealarme.fr\/index.php?rest_route=%2Fwp%2Fv2%2Fcomments&post=183"}],"version-history":[{"count":3,"href":"https:\/\/espacealarme.fr\/index.php?rest_route=\/wp\/v2\/pages\/183\/revisions"}],"predecessor-version":[{"id":250,"href":"https:\/\/espacealarme.fr\/index.php?rest_route=\/wp\/v2\/pages\/183\/revisions\/250"}],"wp:attachment":[{"href":"https:\/\/espacealarme.fr\/index.php?rest_route=%2Fwp%2Fv2%2Fmedia&parent=183"}],"curies":[{"name":"wp","href":"https:\/\/api.w.org\/{rel}","templated":true}]}}